. Let f(x) = 6*x + 3. Suppose -2*p - 4 = -14. Let m(b) = p*o(b) - f(b). List the prime factors of m(-6).
3
Let z be 1 - 1 - (-6 + 1). Suppose 2*h + 46 = z*c, -h + 0*h = -c + 8. Suppose -c = -o - 4*o. What are the prime factors of o?
2
Suppose 2 + 58 = -5*f. Let x be (-1 - (-39)/f)*4. Let d = -12 - x. What are the prime factors of d?
5
Let f(i) be the second derivative of i**4/12 - i**3/3 + i**2 + i. Let a be f(3). Suppose -a*t = -6*d + 4*d + 10, 28 = 3*d - t. What are the prime factors of d?
2, 5
Let n(f) = 2*f**3 - f - 1. List the prime factors of n(2).
13
Let f = -1 - -2. Let q(w) = 19*w**2 - 1. List the prime factors of q(f).
2, 3
Let b = 366 - 258. List the prime factors of b.
2, 3
Suppose d + 44 = 2*p + 3*d, 2*p = -3*d + 41. What are the prime factors of p?
5
Let h be (4 + 1)*9/(-15). Let k(w) = -2*w - 4. List the prime factors of k(h).
2
Let z = -1 + 8. Let w = z + -2. Suppose 2*v = o - 4, 6*v - v = w. List the prime factors of o.
2, 3
Let v be (-10)/55 - (-46)/11. Suppose 2*z = v*z + 2. List the prime factors of ((-28)/(-4))/(0 - z).
7
Suppose 2*s = b - s - 48, 4*s = -5*b + 278. List the prime factors of b.
2, 3
Let d be ((-18)/(-3) - 0) + -1. Suppose 24 = -2*g + d*g. What are the prime factors of g?
2
Let c = 14 - 10. Let t(n) = 3*n**2 + 5*n + 2. Let y be t(-3). Suppose -y = -h - c. List the prime factors of h.
2, 5
Let s(g) = -7 - g**3 + 0*g**3 + 2*g**3 - 4*g**2. Let b(q) = q**2 + 9*q - 5. Let p be b(-10). What are the prime factors of s(p)?
2, 3
Let m(l) = -l**3 - 2*l**2 + l + 2. Suppose v = 3*o + 6, 3*v + 8 = -2*o - 2*o. Suppose 0 = -2*z + 8, -4*c = -v*c - 3*z + 24. List the prime factors of m(c).
2
Let k be ((-6)/9)/(6/(-45)). Suppose -96 + 32 = -2*t + 5*v, k*v = 3*t - 91. List the prime factors of t.
3
Let i be 999/12 - (-1)/(-4). Suppose -a - 23 = -i. What are the prime factors of a?
2, 3, 5
Let p(v) = -v + 8. Suppose 4*r = -2*q + 6, 3*r + q - 3 = -0. List the prime factors of p(r).
2
What are the prime factors of 2/11 - (-5 + 7250/(-55))?
137
Let l be 2 + -2*(-2)/4. Suppose -14 = u - 4*s, 5*s + 4 = -4*u + 32. Suppose -u - 4 = -l*g. What are the prime factors of g?
2
Suppose 0*q = -q - 2, 128 = 3*g + 2*q. List the prime factors of g.
2, 11
Let p = 103 + -37. List the prime factors of p.
2, 3, 11
Suppose -4*s - 126 = -3*a + a, a - 57 = -4*s. Suppose -r - 22 = -a. What are the prime factors of r?
3, 13
Suppose 0 = 5*n - 0*i - 3*i + 40, -25 = -5*i. Let x = n - -3. List the prime factors of x/3 + (-17)/(-3).
5
Suppose -3*z - 2*z = 95. Let r be z/(-7) - (-2)/7. Suppose l + r*l - 4*b - 12 = 0, l + 3*b + 1 = 0. List the prime factors of l.
2
List the prime factors of 2/(-11) - 6630/(-165).
2, 5
Suppose -13 = 5*z + 97. List the prime factors of 688/88 + (-4)/z.
2
Suppose 0*k + 16 = 4*k. Suppose c - k*c = -48. List the prime factors of c.
2
Suppose -1701 = -4*g - 5*g. What are the prime factors of g?
3, 7
Suppose 3*g = -4*j + 1, 0 = 2*j + 5*g + 21 - 4. Suppose -5*q + 71 = j*m, -2*q + 58 = 5*m - 6*q. List the prime factors of m.
2, 7
Let c = 50 - 9. What are the prime factors of c?
41
Suppose 3*y + 2*m - m = 740, 5*y - 1234 = -m. List the prime factors of y.
13, 19
Suppose -1104 = -0*g - 6*g. What are the prime factors of g?
2, 23
Suppose -4*r = -h - 2 - 14, 2*r + 10 = 5*h. Suppose h*t = -4*q + q + 32, -5*t + 28 = 3*q. What are the prime factors of q?
2
Suppose -b = 2*b - 36. What are the prime factors of (b + 6)*(2 - 1)?
2, 3
Let g be ((-20)/(-6))/(3/36). Suppose -4*u - 8 = -g. List the prime factors of u.
2
Let d = -11 + 16. Suppose x + 43 = d*x + 5*t, 0 = -5*x - 5*t + 55. What are the prime factors of x?
2, 3
Let l(h) = 34*h + 1. What are the prime factors of l(1)?
5, 7
Suppose 2*f + 2*f = -8. Let q be (f/3 + 0)*-3. Let k = 4 + q. What are the prime factors of k?
2, 3
Suppose 3*b - 41 - 220 = -5*m, 0 = b - 5*m - 107. List the prime factors of b.
2, 23
Suppose u + 0*u = 16. What are the prime factors of u?
2
Suppose -23 = -6*j + 181. List the prime factors of j.
2, 17
Let w(i) = 16*i - 4. List the prime factors of w(7).
2, 3
Suppose 0 = -4*g + 5*g. Let b(p) = p + 0 + g*p - 1. What are the prime factors of b(4)?
3
Let c(k) = k**3 + 10*k**2 + 9*k + 2. Suppose 0 = -m + 2*u - 7 - 0, -2*u = -2*m - 16. Let s be c(m). Suppose 8 = -d + s*d. What are the prime factors of d?
2
Suppose 3*o = -0*a - 5*a + 226, 2*a - 100 = 2*o. List the prime factors of a.
47
Let i = -21 - -45. List the prime factors of i.
2, 3
Let c(b) = 5 - 4 + 3*b + 3 + 10. Let a(l) = 1. Let i(t) = 4*a(t) - c(t). What are the prime factors of i(-8)?
2, 7
Let o(p) = -p**3 + 5*p**2 + 10*p - 8. Suppose 5*x = -11 + 51. Let a = 14 - x. What are the prime factors of o(a)?
2
Suppose 3 = 4*d - 5. Suppose d = 5*u + 3*s + 7, -2*u - 3*s = 11. Suppose u*f = 5*f - 9. List the prime factors of f.
3
Let y(r) = 15*r - 4. List the prime factors of y(5).
71
Let c be -2 - 0 - (2 - 6). Suppose -11 = 2*u - 5*u - n, 0 = 2*u + n - 9. Suppose 2*m - u = c. List the prime factors of m.
2
Suppose 2*k - 3*l + 384 = -k, 2*l + 252 = -2*k. Let s = -67 - k. Suppose -f = -5*f + s. List the prime factors of f.
3, 5
Let r = -72 - 44. Let g be r/(-2*(-2)/(-4)). What are the prime factors of g/14 + 6/(-21)?
2
Suppose -3*c = -c - 108. Let v = -8 + c. Suppose 0*f + 3*j - 15 = -2*f, -v = -5*f + j. List the prime factors of f.
3
Suppose -5*d = -z + 17, d - 4 = -2*z - 25. Let k(o) = o + 14. What are the prime factors of k(z)?
2, 3
Let b(n) = -n**3 + 3*n + 4. List the prime factors of b(-3).
2, 11
Let t(d) = 9*d + 25. List the prime factors of t(10).
5, 23
Suppose 2*t = 25 + 55. Let f = 58 - t. What are the prime factors of f?
2, 3
Suppose 5*z + 0*c = -c + 24, -2*c - 8 = -4*z. What are the prime factors of z?
2
Suppose 3*z = 15, -4*q + q - 13 = -5*z. Let i(r) = -2 - q*r + r + 0*r. What are the prime factors of i(-3)?
7
Let y(m) = -m**2 - 11*m - 6. Let b(a) = a - 18. Let c be b(9). What are the prime factors of y(c)?
2, 3
Suppose 57 = 3*m - 3. Let n(u) = 3*u - 3. Let v be n(-3). List the prime factors of v/30*m/(-1).
2
Let m be ((-12)/(-10) - 0)*5. Suppose 22 = 3*k - 5*g, -m*g + 4 = -k - 10*g. List the prime factors of k.
2
Let p = -10 + 17. Suppose -p - 11 = 2*c. List the prime factors of 3/c + 7/3.
2
Let b(f) be the second derivative of f**3/2 - 3*f**2 + 3*f. Let d be ((-16)/2 - 2)/(-2). What are the prime factors of b(d)?
3
Suppose -18 = 4*x - 10*x. List the prime factors of x.
3
Suppose g - 17 = 3*q, g - q + 13 = -4*q. Let l = g - -5. List the prime factors of l.
7
List the prime factors of (-2)/2*(-14 - -17) - -65.
2, 31
Let t(s) = -3*s - 17. Let n be t(-6). Suppose -3*h + 62 = g, 0 = h - 2*g + n - 31. List the prime factors of h.
2, 11
Let w be -27*(-5 - -2)/3. Suppose r + w - 77 = 0. What are the prime factors of r?
2, 5
Let s(w) = 4*w - 10. Let i(c) = -8*c + 20. Let l(k) = 2*i(k) + 5*s(k). List the prime factors of l(9).
2, 13
Let q = 4 + -5. Let a(f) = -2*f**3 - f**2 - 2*f - 1. List the prime factors of a(q).
2
Let o(i) = -1. Let x(p) = -p**3 + 5*p**2 + 3*p - 7. Let j(b) = -4*o(b) + x(b). What are the prime factors of j(5)?
2, 3
List the prime factors of 2/(-7) + (-746)/(-14).
53
Let s = 21 - 15. Let h(o) = -o - 1. Let t(n) = 6*n + 6. Let q(j) = 5*h(j) + t(j). What are the prime factors of q(s)?
7
Let t be 9*((-30)/9)/(-5). Let g(w) = w**3 - 6*w**2 + 2*w - 2. What are the prime factors of g(t)?
2, 5
What are the prime factors of 4/(-3)*4335/(-34)?
2, 5, 17
Let m = 5 + -2. Suppose m*h - 18 = -3. Suppose -8 + 58 = h*i. List the prime factors of i.
2, 5
Let d(j) = -j**3 - 9*j**2 - 12*j - 6. List the prime factors of d(-8).
2, 13
Let r = -23 + 33. What are the prime factors of r?
2, 5
Let h be (-1 + 1)/((-8)/4). Suppose x + 3 = 4*x + 3*z, -5*x + z + 23 = h. List the prime factors of x.
2
Let c be -2*(-2)/(-16)*-12. Let m = c + -2. Let u = m - -6. List the prime factors of u.
7
Suppose 0 = 2*h - y - 8, -2*h = -3*h - 5*y - 7. Suppose 2*u + 7 = -5*a + 2, -h*u + 4*a + 4 = 0. What are the prime factors of (-3 - u - -6) + 6?
3
Let w(u) = -2*u. Let m be w(-1). Suppose -k + 2*k = -2*z + m, -4*z - 5*k - 8 = 0. Suppose -t = 1, 0 = -5*v + 4*t - z*t + 51. List the prime factors of v.
2, 5
Let f = 26 - -5. List the prime factors of f.
31
Let r be (4/1)/((-2)/(-4)). Let c(b) = b**3 - 5*b**2 + b + 1. Let s be c(5). What are the 